git of p(z)?
0
Let v(n) = -n**2 - 14*n - 3. Let o be (-4)/(-2) - (12 + -4). Let c be v(o). Suppose -4*r = -c + 1. What is the tens digit of r?
1
Suppose -783 + 8 = -5*q. Let s = q + -64. What is the tens digit of s?
9
Let d be (20/(-4) - -2) + 5. Suppose -d*p = -5*s + 4, -2*s = -2*p + 2*s - 2. Suppose -p*k = -k - 6. What is the units digit of k?
3
Suppose 2 = -m - 2*x, x - 17 = m - 6*m. Suppose 0 = -2*k - 3 + 9, 0 = -m*w - 3*k + 137. What is the units digit of w?
2
What is the tens digit of (6/(-9))/((-64)/140064)?
5
What is the thousands digit of (-1*(3 + -2))/(13/(-17459))?
1
Let o(v) = -v + 1. Let b(f) = -f**2 - 3*f - 18. Let h(k) = -b(k) - 4*o(k). What is the units digit of h(-12)?
4
Let f = -4 - -6. Suppose m + 25 = -f*r + 4*r, 0 = -r - 5*m + 7. What is the units digit of r/(4/(40/15))?
8
Suppose 23*y - 62534 + 2757 = 0. What is the thousands digit of y?
2
Let o = 29 - 24. Let p(g) = 3*g**3 + 24*g**2 + 23*g + 2. Let s(d) = d**3 + 12*d**2 + 12*d + 1. Let a(v) = o*s(v) - 2*p(v). What is the units digit of a(13)?
4
Let s(x) = 23*x**3 + x**2 + 4*x - 1. What is the units digit of s(2)?
5
Suppose -4*f + 7*f = 2*r + 13, -5*r = 3*f + 1. Suppose -f = 3*g - 9. Suppose 0 = -t + m + 7 + 27, 4*t + g*m - 154 = 0. What is the units digit of t?
7
Let y be 4/6*-6 + 7. Let j be (35/3)/(1/y). Suppose 0 = 3*s - 2*s - j. What is the tens digit of s?
3
What is the hundreds digit of -10 + 5 + (-1843 - 4)*-1?
8
What is the units digit of 2 + 0/(-4) - -66?
8
Let s be 8/(-6)*(21 - 18). Let v(y) = 4*y**2 - 2*y - 15. What is the units digit of v(s)?
7
Suppose 5*d - 2*j + 27 + 37 = 0, d - j = -14. What is the tens digit of ((-19)/d + 10/60)*164?
8
What is the tens digit of 267 - (2 + (2 - 0))?
6
Let h(y) = y**3 + 4*y**2 - y - 4. Let m be h(-4). Suppose -10*f + 11*f - 5 = m. Suppose q = -3*q - x + 10, f*q - 18 = -4*x. What is the units digit of q?
2
Let n = -227 + 318. What is the tens digit of n?
9
Let n be 1 - ((-1 - 1) + 0). Let p = 276 + -206. Suppose n*a - i = 88, -2*a - i = 4*i - p. What is the units digit of a?
0
What is the hundreds digit of (-279)/(3 + (1 - 5))?
2
Suppose 2*f + 228 = 6*f. What is the units digit of f + (4/(-2) - -1)?
6
Let m(w) = -w**3 - 22*w**2 - 26*w + 13. Let s be m(-21). Let k = s + -78. What is the tens digit of k?
4
Let z(q) = -139*q - 123. What is the thousands digit of z(-10)?
1
Suppose 5*n - 145 = -3*i, -4*i = 2*n - 3*i - 58. What is the tens digit of n?
2
Suppose 5*q + 184 - 749 = 0. Suppose 2*w = -0*j - 4*j + 120, 2*w - q = 3*j. What is the units digit of w?
8
Let l = -295 + 366. What is the units digit of l?
1
Suppose 2*x - 21 = -49. Let s(n) = n**3 + 13*n**2 - 16*n - 12. What is the tens digit of s(x)?
1
Suppose 1740 = -63*p + 68*p. What is the hundreds digit of p?
3
Let t(z) = 230*z**3 - z**2 - 2*z - 2. Let x(y) = 919*y**3 - 5*y**2 - 7*y - 7. Let f(c) = -9*t(c) + 2*x(c). What is the hundreds digit of f(-1)?
2
What is the tens digit of (-148 + 4)*3/18*-20?
8
Suppose -3*q + 676 = -5*n, q + 882 = 5*q + 3*n. What is the units digit of q?
2
Let u = 949 - -333. What is the units digit of u?
2
Suppose 0*v + 10 = 5*v. Suppose 30 = v*h - 82. What is the units digit of h?
6
Let o = -8 - -9. Suppose 2*x + 2*c - 19 = -o, -31 = -4*x - 3*c. Suppose 9*l + i - 125 = 4*l, 0 = x*l + 4*i - 84. What is the tens digit of l?
2
Let z(c) = -211*c**3 + 4*c**2 + 7*c + 7. Let q(l) = 70*l**3 - l**2 - 2*l - 2. Let i(o) = 7*q(o) + 2*z(o). What is the units digit of i(1)?
9
Suppose 8 = c - 5. Suppose s = c - 5. Suppose -s = 2*l - 106. What is the units digit of l?
9
Suppose 0 = 4*k + 2*x - 18, -x = -k - k - 1. What is the units digit of k?
2
Let k be (-134)/(-26) + 26/(-169). Let c be ((-36)/k)/(26/(-195)). Let w = c + -31. What is the tens digit of w?
2
Let g = 486 - 22. What is the units digit of g?
4
Let q = -2 + 134. Suppose -4*f + 104 = -q. What is the tens digit of f?
5
Let w(z) = -z**3 + 7*z**2 - 5. Let l be w(8). Let b = -18 - l. What is the units digit of b?
1
Let n = -20 + 23. Suppose 154 - 514 = n*u. Let d = u + 172. What is the units digit of d?
2
What is the units digit of 656/(-10)*(-270)/36?
2
Let u be 12*((-1)/1)/(-2). Let n(g) = 1 - g - g - 3*g + u*g. What is the units digit of n(7)?
8
Let z be -165 + 2/((-6)/(-3)). What is the tens digit of 2/(8/(-4))*z?
6
Let u(h) = -4 - 4 - 3*h**2 + 4*h**2 - 5*h. Suppose 3*s - 4*s + 37 = 5*q, -q + 15 = 4*s. What is the units digit of u(q)?
6
Suppose -2*o - 16 = -j - j, -2*j + 4*o + 22 = 0. Let b(a) be the second derivative of 2*a**3/3 + a**2 + 5*a. What is the units digit of b(j)?
2
Let f(k) be the second derivative of 23/2*k**2 - 1/12*k**4 - 6*k - 1/6*k**3 + 0. What is the tens digit of f(0)?
2
Let v = -1425 + 3094. What is the units digit of v?
9
Let f(x) = 30*x**2 + 2*x - 2. Let c be f(1). Suppose -v + 6*v = c. What is the units digit of (v/(-3) + 3)*1?
1
Let a(z) = -z**3 + 16*z**2 - 26*z + 20. Let f be a(15). What is the units digit of (-2)/4*6 - f?
2
Let z = 199 - 80. Let n = z + -20. What is the units digit of n?
9
Suppose 4*v = -p + 204, -2*p = p + 4*v - 620. Suppose 0 = 3*n + n - p. Suppose 0 = 3*d - 4*x - 120, -2*d + x + 28 = -n. What is the units digit of d?
0
Suppose -5*t = -2 - 3, -4*t - 353 = 3*z. What is the hundreds digit of (-1)/(-7) - 21641/z?
1
Let j(p) be the second derivative of -7*p**3/3 - 15*p**2/2 + p. Let l be j(-6). Suppose -3*t + 3*k + 30 = -15, -k - l = -4*t. What is the tens digit of t?
1
Suppose -31*c + 1678 + 2383 = 0. What is the hundreds digit of c?
1
What is the units digit of (1 - 2)*(54 + -60) - -4299?
5
Suppose -3*d + 371 = -s, 2*d - 79 = -5*s + 140. What is the hundreds digit of d?
1
What is the hundreds digit of 11740/35 + (-5)/(70/6)?
3
Let v = -3 + 35. Suppose -6*b + 172 = -v. What is the tens digit of b?
3
Let i(t) = -t**3 - 54*t**2 + 87*t. What is the units digit of i(-56)?
0
Let f = -105 + 24. What is the units digit of (4/(-3) + 1)/(1/f)?
7
Let z be 4/3*5/(20/6). Suppose -85 = -z*h - 11. What is the tens digit of h?
3
Let r(x) = x**3 + 7*x**2 - 7*x + 11. Let y be r(-8). Let d be ((-2)/y)/(3/(-9)). Suppose w + d*c + 4 = 4*c, -15 = -5*c. What is the units digit of w?
2
Let o(q) = -q**3 + 12*q**2 - 12*q. Let r be o(11). Let d = r + 13. Suppose d*p - 7*p = -355. What is the units digit of p?
1
Suppose -4*f + 2*o + 40 = -2*o, -14 = -f - o. Suppose 0 = -w, -4*w + f = x - 21. What is the tens digit of x?
3
Let t = 4 - -5. Let a be t*(2/3 - 1). What is the units digit of 55/(-11)*a/5?
3
Let c(d) = 2*d - 7. Let y be c(6). Suppose k = y*k - 88. Let t = 43 - k. What is the units digit of t?
1
Let g(n) = -n - 5. Let c be g(-14). Let q = c + 98. What is the units digit of q?
7
Let x(s) = -s**3 - 10*s**2 + 11*s + 2. Let y be x(-11). Suppose -y*c + 84 + 100 = 0. What is the units digit of c?
2
Let f = -18 - -27. Suppose 5*y + 2 = -4*p, 5 = -0*y - 5*y - 5*p. Suppose -3*z = -y*z - f. What is the units digit of z?
9
Let s be (-2)/(-13) + 4920/(-39). Let b = s - -234. What is the tens digit of b?
0
Let v be (8/20)/(2/40). Suppose m - 2*m + v = 3*u, 2*m - 8 = -2*u. Suppose h = m + 2. What is the units digit of h?
4
Suppose j + 1 = -2*s - 4, 2*j + 14 = -5*s. What is the tens digit of 57 + 0/(j + 1)?
5
Let v = -11 + 16. Suppose 5*l = u, u + 0*u = -v*l. Let f(q) = -q + 27. What is the tens digit of f(l)?
2
Let u(n) = n**2 - 8*n - 7. Suppose -27*s = -29*s + 12. Let x be ((-3)/s)/((-1)/(-10)). What is the tens digit of u(x)?
5
Let h = -25 + 28. Let j be -181 - (-3 - (-7 + h)). What is the tens digit of (j/(-35))/(4/10)?
1
Let x(a) = a**3 + 9*a**2 + a + 9. Let b be (3 + -2)/(1/(-9)). Let v be x(b). Suppose 10 = -5*p, 5*y - y + 4*p - 128 = v. What is the units digit of y?
4
Let c = 927 + -228. What is the hundreds digit of c?
6
Let h(c) = 897*c + 333. What is the thousands digit of h(5)?
4
Suppose 0*z + 7*z = -28. What is the tens digit of z/(-1) - -35 - 4?
3
Suppose 3*h - 7 = f, -5*f - 6*h - 15 = -h. What is the units digit of (f + 0)*(-3)/((-12)/(-8))?
8
What is the hundreds digit of 883 - (-9 + -1 + (36 - 32))?
8
Suppose -2*j = -u - 4, -u = 6*j - j - 17. Suppose 0 = u*k + 3*k + 900. Let s = -113 - k. What is the tens digit of s?
6
Let t(u) = 18*u**2 + 6*u - 30. Let h be t(-5). Suppose -11*k + 116 = -h. What is the units digit of k?
6
Let h(x) = -x**3 - 4*x**2 - 2*x - 2. Let p(w) = 